 95 and o.
19
Let d(q) = 4*q**2 - q - 2. Let m be d(-2). Suppose 225*t + 93 = 228*t. Suppose 39*n = t*n + 384. Calculate the highest common factor of n and m.
16
Suppose -375 = 13*i + 1445. Let y be 7/(i/8)*(0 + -440). Suppose 3*m = m + y. What is the highest common factor of m and 132?
44
Let z(s) = -29*s + 945. Let a be z(32). Calculate the highest common factor of a and 2057.
17
Let l be -197*2/(-4)*12. Suppose -l - 540 = -21*f. Let n = 681 - 476. Calculate the highest common divisor of n and f.
41
Suppose 23*m + 690 = 17*m. Let z be (-12673)/m - 2/10. What is the highest common factor of z and 20?
10
Let t = 219 - 208. Suppose 311 = 5*x + t. Calculate the highest common divisor of x and 24.
12
Let g be (37236/(-145))/(9/(-30)) - -5. What is the greatest common factor of g and 231?
21
Let i(n) = -n**3 + 9*n**2 + 5*n + 30. Let a be i(9). What is the greatest common factor of a and 480?
15
Let a = -132 + 321. Suppose 468 = -2*l - 2*r, 2*r - 1 = -l - 237. Let h = 253 + l. Calculate the highest common divisor of a and h.
21
Suppose -1060294 = -69*c - 8*c + 24944. Calculate the highest common factor of c and 58.
58
Let t be (-3)/((-6)/(-68))*4/8. Let j = 347 - t. Calculate the highest common factor of j and 28.
28
Let k be (2/(-4) + -1 + -1 + 315)*2. What is the highest common divisor of 4 and k?
1
Let y(z) = -13*z + 9*z + 38 - 41 + 11*z**2. Let h be y(-1). Calculate the greatest common factor of 336 and h.
12
Let u = -2845 + 2869. Suppose -17 - 7 = 4*q. Let w = q + 14. What is the greatest common factor of w and u?
8
Let x = -42 - -10. Let h be (9/((-180)/x))/(4/10). Let z be 4*5/h*2. Calculate the greatest common factor of z and 5.
5
Let c = -5068 - -23130. What is the highest common factor of 22 and c?
22
Let h be (696/16 + 4)*4/(-5). Let y = h + 58. What is the highest common factor of y and 45?
5
Let j(m) = 7*m**3 + 136*m**2 + 7*m + 15. Let p be j(-15). Calculate the greatest common factor of p and 17.
17
Suppose 0 = 5*g - 1894 - 4496. What is the highest common divisor of 162 and g?
18
Let b(z) = 7*z - 243. Let t be b(38). Calculate the greatest common factor of 8 and t.
1
Let d = 16817 + -16778. What is the greatest common factor of 609 and d?
3
Suppose 2*v + 188 + 408 = 4*l, -4*v - 442 = -3*l. Suppose -1386 = -304*c + 73*c. Calculate the highest common divisor of c and l.
6
Suppose -7*v + 2319 - 499 = 0. Calculate the greatest common divisor of v and 3020.
20
Let y be (20/(-132) - 12/66)*1947. Let a = y - -700. Suppose 3*u - 4*c - 31 - 130 = 0, -92 = -2*u - 5*c. What is the greatest common divisor of a and u?
51
Let g = 199 - 190. Let i be (1 - 7)*(-20)/15. Let b = g - i. Calculate the highest common factor of b and 5.
1
Suppose -3*y - t + 0*t + 19 = 0, t = -y + 9. Let s(b) = 3*b**3 + 2*b**2 - 15*b + 2. Let z be s(y). What is the highest common factor of z and 44?
44
Let t(d) = -d**2 - 14*d - 1. Let b be t(-13). Suppose b = -f + 24. Calculate the greatest common divisor of 3 and f.
3
Let j = -265 + 141. Let o = 149 + j. What is the highest common factor of 10 and o?
5
Suppose 14*u + 1083 = -863. Let x = -94 - u. Calculate the highest common divisor of x and 9.
9
Suppose 0 = -3*l + 5*l - 18. Let j be 3 + 12/(-10)*-20. What is the highest common factor of l and j?
9
Let i = 3158 + -3083. What is the greatest common divisor of 310 and i?
5
Suppose q + 2*q - 180 = 0. Let y = 73307 + -73295. Calculate the greatest common factor of q and y.
12
Let r be (1/((-6)/16))/(2/(-9)). What is the greatest common factor of 1276 and r?
4
Suppose -468*y - 1044 = -480*y. Suppose 19 = 3*l - 5*p - 68, -3*l = -3*p - y. Calculate the highest common factor of 493 and l.
29
Suppose 6154 = 42*h + 1954. Calculate the greatest common factor of 205 and h.
5
Let a = -223 + 712. Let w = 528 - a. Calculate the greatest common factor of 13 and w.
13
Suppose -2*z - 12 = -16. Let f be z + -5 + 1196/4. What is the highest common factor of 74 and f?
74
Let o be ((-10)/(-6))/(23/414). Calculate the highest common factor of o and 2370.
30
Suppose -7588 = 5*x - 12*x. Let c = x + -356. Calculate the greatest common divisor of 56 and c.
56
Let d be 9/(-36) + (-161)/(-4). Let w(l) = 3*l**2 + 9*l - 20. Suppose 0 = -10*c + 18 + 32. Let q be w(c). Calculate the greatest common divisor of d and q.
20
Let p = -413 + 1245. Calculate the highest common divisor of p and 312.
104
Let d be ((-47)/2 + 1)*(48 + -50). What is the greatest common divisor of 1875 and d?
15
Suppose 0 = b - 0 - 6. Let y(x) = x**2 - 4*x - 3. Let o be y(b). Let t(u) = -4*u + 126. Let k be t(27). What is the greatest common divisor of o and k?
9
Suppose -5*r = -2*r - 624 - 72. What is the highest common divisor of 29 and r?
29
Let f(m) = 2*m**3 - 11*m**2 + 6*m + 3. Let t be f(5). Suppose -7*s + t*s - 18 = 0. What is the highest common divisor of 36 and s?
18
Suppose 4*u + 3*a = -u + 551, 2*a = u - 118. Let p be ((-90)/7)/((-16)/u). Suppose -x = 2*x, -2*d + 72 = 5*x. What is the highest common divisor of d and p?
18
Suppose 9*z + 581 = 51*z - 217. Suppose -4*x + 1234 = x - u, -2*x + 4*u = -490. What is the greatest common factor of x and z?
19
Suppose -1159*n - 12138 = -1176*n. Calculate the highest common divisor of n and 294.
42
Let j be 7*((-16)/14)/(-8). Let n be (0 + j)/(5/80). What is the highest common divisor of n and 48?
16
Let b = 179 - 176. Suppose -5*s + 668 = b*c, -44 = c - 4*s - 261. Calculate the greatest common factor of 26 and c.
13
Let t(h) = h**2 - 86. Suppose -59 = 5*v - 3*y, 8*v - 5*v + 42 = 4*y. Let x be t(v). Suppose z - 49 = -0*z. Calculate the highest common factor of z and x.
7
Suppose -4*c = b + 838, -2*c - 25*b + 23*b = 416. Let q = 270 + c. What is the greatest common factor of 75 and q?
15
Let i = -430 - -446. Let o = -298 + 633. Suppose 473 = 4*k - 5*j, -3*k = 2*j - o + 9. Calculate the highest common factor of i and k.
16
Let k = -800 - -4389. What is the greatest common factor of 37 and k?
37
Let i be (2 - (-28)/(-8))*-18. Let t be (i/(-30) - -1)*2*5. Let o be (-406)/(-28)*(t + 1). What is the greatest common factor of 87 and o?
29
Let l be (-11)/(-3) + (68/(-12) - -5). Suppose -4*a - 744 = -5*w, -l*w + a + 477 = 32. Calculate the greatest common divisor of 111 and w.
37
Suppose 0 = 2*y - 7*y - 910. Let t = 217 + y. What is the highest common divisor of t and 560?
35
Suppose 3*o - 3*c = 129, 2*o - c + 133 = 5*o. Let y = 289 - 69. Suppose 3*h = -2*h + y. What is the highest common factor of h and o?
44
Suppose -13*x + 48 = -x. Suppose 8*o - 3*o - q - 148 = 0, x*o + q - 122 = 0. What is the highest common divisor of o and 150?
30
Suppose -25*c + 21*c + 12 = 0. Suppose 0 = y - c*y. Suppose -3*a - a = 2*q - 44, q - 4*a - 16 = y. Calculate the highest common factor of q and 50.
10
Suppose 4*o - 4*d - 132 = 0, -3*o + 5*d + 137 - 24 = 0. What is the highest common factor of 7514 and o?
26
Let k = -3663 + 3672. Let n = 127 + -91. Calculate the greatest common divisor of k and n.
9
Let t be 23105/(-645)*-39 + 80/(-1720). Calculate the greatest common factor of t and 77.
11
Let l be 2 - 6/(-9)*27. Let j = 30 + l. Let r(u) = -3*u - 2. Let d be r(-4). Calculate the greatest common divisor of j and d.
10
Let d be (-1)/(5/395) - (-2 + -1). Let i = d - -92. What is the highest common divisor of 16 and i?
16
Let d(i) = -240*i + 17. Let n be d(-3). Let v be ((-66)/44)/(3 - 0)*-22. Calculate the highest common divisor of v and n.
11
Suppose 0 = -q - q. Let f(j) be the second derivative of 2*j**3/3 + 19*j**2/2 - 991*j + 1. Let i be f(q). Calculate the greatest common divisor of 171 and i.
19
Let o(t) = 185*t - 12912. Let h be o(70). Calculate the greatest common divisor of h and 6574.
38
Let y = -74770 + 74780. Let n be (-3 - -1)*(-2 + 4). Let w be -4*(-10)/n*-1. Calculate the highest common divisor of y and w.
10
Let t = 11092 - 8608. What is the highest common divisor of 126 and t?
18
Suppose -131*u - 6*u = -764734. Calculate the highest common factor of 2 and u.
2
Suppose -3*n + 7563 = z, -13*z - 15126 = -15*z - 2*n. Calculate the greatest common divisor of 3 and z.
3
Let f be 27 - (1 - 0)*3. Suppose 16*u - 10*u - 42 = 0. Suppose 0 = -4*b + 3*a + 9, 2*a - 4 = -3*b + u*a. Calculate the highest common factor of b and f.
3
Suppose 3*s - 2*s = 17. Let c(a) = 2*a - 3*a**3 + 5*a**2 + a + 3*a + 3*a - 4